2 + 3*r + 4*r**2. Let c be m(2). What is the highest common divisor of x and c?
9
Let g be 2/(-6) - (-26)/6. Suppose 5*h = 4*w + 348, -2*h - g*w = -0*h - 156. Calculate the highest common factor of 12 and h.
12
Let t(i) = 2*i**3 - 2*i**2 - 3*i. Let x be t(4). Suppose -5*k - 6 + 21 = 0. Suppose -5*z + 24 = -k*z. Calculate the greatest common divisor of x and z.
12
Suppose 20 = -4*d, -5*m - 5 = -0*m + 5*d. Let f = m + -4. Suppose f = -2*l - 2*l + 24. Calculate the highest common factor of l and 1.
1
Let p(x) = -6*x - 3. Let b(q) = 9*q + 5. Let z(k) = -5*b(k) - 8*p(k). Let s be z(3). What is the greatest common factor of s and 4?
4
Let z = 23 + -46. Let x = -7 - z. Let s be (-6)/(-9) - x/(-3). What is the highest common factor of 12 and s?
6
Suppose 21 + 4 = 5*x - 3*u, 11 = 3*x - u. Let l = x - -7. What is the highest common divisor of l and 3?
3
Suppose -5*r + 17*r - 540 = 0. What is the highest common factor of r and 3?
3
Suppose a - 4*a = 3*j - 375, -5*j + 5*a = -615. Calculate the highest common factor of 31 and j.
31
Let j = 12 - 2. What is the highest common factor of 70 and j?
10
Suppose -8 = 3*o - 35. What is the highest common factor of 63 and o?
9
Suppose 0 = 3*d - 3 - 9, -37 = -t + 2*d. Calculate the greatest common factor of 5 and t.
5
Let k be -1*(-1 + 2 - 13). Suppose -m = -4 - 0. What is the highest common divisor of m and k?
4
Let a(g) = -g**2 + 2*g + 2. Let s be a(2). Let t be 62 + (-1 - (-4 + s)). Let m = 7 - 0. What is the greatest common divisor of m and t?
7
Let t = 16 + -9. Let s = t + -14. Let k = -6 - s. What is the highest common divisor of 11 and k?
1
Let d(l) = -l**3 - 5*l**2 + 4*l - 11. Let o be d(-6). What is the highest common factor of o and 9?
1
Let b = 980 - 170. Suppose -2*d + 7*d - b = 0. Let s(h) = -18*h. Let y be s(-1). Calculate the greatest common divisor of y and d.
18
Let l be (1 - 6/4)*2. Let q(i) = 8*i**2 - i - 1. Let a be q(l). Let y be (1 + -1 + 1)*8. What is the greatest common divisor of a and y?
8
Let a be ((-6)/9)/((-2)/27). Let r = -12 - -32. Suppose 3*b - r = 196. Calculate the highest common factor of a and b.
9
Suppose 3*k - 2 = 1. Calculate the highest common divisor of k and 8.
1
Let o = 78 - 39. Let r be -39*(8/(-3) + 2). Calculate the highest common factor of o and r.
13
Let t be 2/3 - (-76)/12. Suppose -j = -2*k - 5 - t, -12 = -3*j - 2*k. Let s be -2 + (-3 - (2 + -31)). Calculate the greatest common divisor of s and j.
6
Suppose -5*l + 55 = r, 4*r = -4*l + r + 55. Suppose 5*o - 7*j + 1135 = -3*j, -o - 4*j = 251. Let f = -161 - o. Calculate the greatest common factor of f and l.
10
Let p be (161/14)/(1/8). Suppose 5*b - 43 = p. What is the greatest common divisor of b and 3?
3
Suppose -2*h + k - 2 = 0, -2*k + 4 = -2*h - 0. Let r be 43 - (h - (-3)/1). Calculate the greatest common factor of r and 60.
20
Suppose 2*u - 18 = -6. Suppose -u = 3*d - 4*d. Let w(g) = g**3 - 5*g**2 + 3*g + 6. Let r be w(d). Calculate the greatest common divisor of 24 and r.
12
Let u(p) = 21*p - 1. Let a be u(1). Calculate the highest common divisor of 12 and a.
4
Suppose -4*n = 3*g - 193, -2*n + 4*g + 147 = 23. What is the highest common divisor of 13 and n?
13
Let u(p) = -p**3 + 3*p**2 - 2*p + 3. Let y be u(2). Calculate the highest common divisor of y and 15.
3
Let t(l) = l**2 - 12*l - 6. Let m be t(13). Suppose m*z = 3*z + 44. What is the greatest common factor of 121 and z?
11
Let z(s) be the second derivative of -7*s**3/6 - 9*s**2/2 - 2*s. Let p be z(-6). Calculate the greatest common divisor of p and 11.
11
Let n = -11 + 12. Let i = 1 - n. Let u be -1 - (-2 + i/2). Calculate the highest common factor of u and 7.
1
Let b be -24*(1/(-2) - 0). Let t = 1 + 4. Suppose -d + 0*h + 7 = h, t*d - 31 = -4*h. What is the greatest common divisor of b and d?
3
Let f = -61 - -117. What is the highest common divisor of 7 and f?
7
Let l be (-1)/(-2 + 14/8). Suppose -2 - l = -3*x. Let r be 3 + -5 + x*16. Calculate the highest common factor of r and 12.
6
Let q be -6*(-3 - (-3)/6). Suppose 2*p = 5*z - 0*z + q, 0 = 2*z - 2. Let d be 144/p + 4/(-10). What is the greatest common factor of d and 126?
14
Let x be (-150)/((-2)/(-6) + (-44)/24). What is the greatest common divisor of 25 and x?
25
Let v = -42 + 82. Let z = -6 - -16. Calculate the greatest common factor of z and v.
10
Suppose 3*w + 2 + 7 = 0. Let o(y) = -105*y - 6. Let k be o(1). Let l be (-2)/(6/k) - w. What is the greatest common divisor of l and 10?
10
Suppose 0*o + 5*o = 3*t - 42, -4*t = -2*o - 42. Let v be 28/3 + 6/t. What is the highest common factor of v and 20?
10
Suppose 16*t - 30 - 34 = 0. Calculate the highest common divisor of t and 76.
4
Let p(n) = n**3 - n**2 - n + 11. Let d be p(0). What is the greatest common divisor of 22 and d?
11
Let h(a) = -a**2 + 8*a + 3. Let u be h(6). What is the highest common factor of 9 and u?
3
Suppose 0 = 2*v + v + 5*j - 140, 2*v - 3*j = 106. What is the greatest common divisor of 10 and v?
10
Let z be 2/(-6) - (-40)/12. Suppose -3*r - 21 = -4*a - 6, 0 = z*a - 3*r - 9. What is the highest common factor of 30 and a?
6
Suppose -o = 4*m - 4, 0 = o - 3*m + m - 10. Suppose 3*z = -3*v - z - o, -v - 4*z - 16 = 0. What is the highest common divisor of v and 12?
4
Suppose 3*b = 3*z + 42, 5*b - 4*b = -z + 22. What is the greatest common divisor of 126 and b?
18
Suppose 3*b - j - 5 = 5, 2*b + 5*j = -16. What is the highest common divisor of b and 1?
1
Let s = -27 + 28. Calculate the highest common factor of 8 and s.
1
Let f = 30 + -17. Suppose 0 = -5*d + 7 + f. Let m(u) = u**3 - 3*u**2 - 3*u + 6. Let x be m(d). Calculate the greatest common factor of 5 and x.
5
Let b = -45 + 70. Let m = b - -10. Let t be ((-16 - -2)/1)/(-2). Calculate the highest common factor of t and m.
7
Suppose 4*z - 30 = 3*z. What is the greatest common factor of 105 and z?
15
Let a be (-66)/(-8) - 4/16. Suppose -2*u + u = -k + a, -5*u = 3*k + 32. Let v = -3 - u. Calculate the greatest common divisor of 10 and v.
2
Let j = 1 - -1. What is the highest common factor of j and 16?
2
Suppose 5*v = -x + 5*x - 1268, 2*v = -2*x + 652. Suppose 5*s - x - 296 = 4*d, -267 = -2*s - 5*d. Calculate the highest common factor of s and 18.
18
Let t = 15 - 11. Suppose 3*o + 54 = 5*s - 103, 0 = -t*s + 2*o + 124. Calculate the highest common divisor of 232 and s.
29
Suppose 6*d - 435 = d. Let y = d - 60. What is the highest common divisor of y and 27?
27
Let y be (-10 - 0)*(-6 - -2). Suppose 5*x = -3*j + 509, 0 = 4*x - j - 4 - 393. Calculate the highest common factor of y and x.
20
Suppose 0*y + 108 = y. Let k be 0/16 - (-12 - 0). Calculate the highest common divisor of y and k.
12
Suppose 8*x - 6*x + 24 = 0. Let t(l) = l**2 + 10*l - 10. Let k be t(x). Calculate the highest common divisor of 7 and k.
7
Let d(f) = f + 11. Let a be d(7). What is the highest common divisor of a and 18?
18
Let k(j) = -11*j + 9. Let u be k(-11). What is the greatest common factor of u and 52?
26
Suppose 10 = 4*v + 2*q, -2*q + 5 - 3 = 0. Suppose -17 - v = -s. What is the highest common divisor of s and 171?
19
Suppose 3*i = 8*i - 5. Let j = -25 - -27. What is the highest common factor of j and i?
1
Let p = -138 + 281. Calculate the highest common divisor of p and 13.
13
Let m = -190 + 194. Calculate the greatest common factor of m and 26.
2
Let p(s) = 2*s**2 + 8*s + 5. Let q be p(-9). What is the highest common divisor of 38 and q?
19
Suppose k + t = 3*t + 71, 2*t - 254 = -4*k. What is the highest common factor of 13 and k?
13
Let p(y) = -8*y - 3. Let x be p(-8). Let f = 93 + x. Suppose 5*l = 161 + f. What is the highest common divisor of l and 7?
7
Let s(a) = -a**2 + 5*a + 8*a**2 + 3*a**2 + 0*a**2 + 7. Let o be s(-5). Suppose 0 = -3*j + o + 92. Calculate the greatest common factor of 12 and j.
12
Suppose 0*g + 10 = 5*g. Suppose g*z - 63 = -z. Suppose -4*q + z + 3 = 0. What is the greatest common factor of q and 18?
6
Let p(x) = -x**2 + 9*x + 1. Let m be p(9). Let z(w) = w**2 - 8*w + 4. Let g be z(8). Calculate the highest common divisor of m and g.
1
Suppose -2*q - 23 = -359. Let t(r) = 3*r**2 + 2*r + 3. Let j be t(-3). What is the highest common divisor of q and j?
24
Let q be 210/27 + (-4)/(-18). Suppose q*z + 3*g - 689 = 3*z, 3*z - 5*g - 393 = 0. Calculate the highest common divisor of 17 and z.
17
S